p - 5. Let w be i(k). Calculate the greatest common factor of w and 80.
8
Let o be 2/11 - (-1200)/55. Calculate the highest common factor of o and 11.
11
Let t(g) = g**2 + 4*g + 6. Let p be t(-4). Let f = 78 + -36. Calculate the highest common divisor of f and p.
6
Suppose 8*i + 72 = 11*i. What is the greatest common divisor of 16 and i?
8
Suppose -4*f - i - 1368 = 0, 0*f + 4*f + 1372 = -2*i. Let q = -229 - f. Calculate the highest common factor of q and 14.
14
Suppose 5*t + x = 237, -2*t + 0*t - 3*x + 100 = 0. Let k = -26 + t. Calculate the highest common factor of 231 and k.
21
Suppose 18 = -2*x + 3*x. Let c = x + -11. Let d = 229 + -159. What is the greatest common divisor of d and c?
7
Let y(j) be the third derivative of j**6/120 - 3*j**5/20 + 11*j**4/24 - 4*j**3/3 - 2*j**2. Let z be y(8). What is the greatest common divisor of z and 24?
8
Let d be 4/(-6) + 22/(-3). Let b be (-102)/d - 2/(-8). Let v = 147 - 82. Calculate the highest common divisor of b and v.
13
Let b(w) = 1 + 2*w**3 - w**3 - w + 29. Let t be b(0). Let p be (-44)/(-3) - (-1)/3. What is the highest common factor of t and p?
15
Let q be 189/12 + (-5)/(-20). What is the highest common divisor of 4 and q?
4
Let w(f) = 6*f**2 + 2*f - 3. Let k = -1 - 2. Let b be w(k). Let t(p) = -p**2 - 12*p - 2. Let x be t(-8). Calculate the greatest common factor of b and x.
15
Suppose 2*g + 2*w = 104 + 14, 3*g = -5*w + 183. What is the highest common divisor of g and 28?
28
Suppose 4*z = -20 - 16. Let x = -3 - z. Suppose d + 24 = 5*d. Calculate the greatest common divisor of x and d.
6
Let n(q) = -15*q + 3. Let y be n(-4). Suppose 5*t = -4*b + 85, -3*b = -5*t + t + 99. Calculate the highest common factor of y and t.
21
Let a be -55 + -1 + 2 + 2. Let l = -28 - a. Calculate the highest common divisor of l and 36.
12
Suppose 4 = p - 0*p. Suppose 2 = -4*j + 5*d, -p*d - 4 + 2 = -5*j. Let m be -8*j*(-3)/12. Calculate the greatest common factor of 2 and m.
2
Suppose -300 = 7*d - 11*d. Let r = 174 - d. Calculate the highest common divisor of 9 and r.
9
Suppose 24*n - 23*n = 36. Calculate the greatest common divisor of 9 and n.
9
Let c(z) = z**2 + 6*z + 9. Let q be c(-4). What is the highest common divisor of 4 and q?
1
Let z(k) = -k**3 - k**2 + 3*k - 6. Let c be z(4). Let l = c + 118. Calculate the highest common factor of l and 4.
4
Let u = 7 + -13. Let m(o) = -o + 8. Let b be m(u). What is the highest common divisor of 126 and b?
14
Let u be (-4 + (-26)/(-5))/(9/30). Calculate the greatest common divisor of 52 and u.
4
Let o be 2639/52 - (-2)/8. What is the greatest common divisor of o and 34?
17
Let d(c) = -c**2 + 6*c - 5. Let i be d(5). Suppose i = -4*k + 5*k - 60. Suppose -4*z = -2*z - k. Calculate the greatest common factor of z and 20.
10
Let j(k) = -2*k**3 - 2*k**2. Let n be j(-2). Suppose -n = l - 2*l. What is the highest common divisor of 72 and l?
8
Let y be (3/4)/(1/24). Let t(r) = -2*r**2 - 8*r + r**2 + 5*r**2 - 4 - 5*r**2. Let a be t(-4). Calculate the greatest common factor of y and a.
6
Let y = 259 + -52. Calculate the greatest common divisor of 23 and y.
23
Suppose 11 + 41 = 4*v. Let b be (-4)/(-4)*(92 - 1). Calculate the highest common divisor of b and v.
13
Let p be 5 - 15 - (1 + 0). Let n = p - -83. Calculate the highest common factor of n and 9.
9
Let n(c) = c**2 - 4*c - 7. Let o be n(6). Let j = 1 + 9. Let l = 15 - j. What is the greatest common factor of l and o?
5
Let u = -14 - -18. Suppose -u*x - x - 2*o = -80, -2*o = 0. Suppose 2*h + 20 = v - 10, -5*h - 175 = -5*v. Calculate the greatest common factor of v and x.
8
Let j(f) = f + 2. Let c be j(12). Let b be (c/21)/((-2)/(-6)). What is the highest common divisor of 22 and b?
2
Suppose 2*z + r = -2*r + 417, 2*z - 447 = 3*r. What is the greatest common divisor of 24 and z?
24
Let y(v) = 0*v - v - 3*v + 2*v. Let m be y(-10). Let g = m + -10. What is the highest common divisor of 80 and g?
10
Suppose 4*c - 83 = 109. What is the greatest common divisor of 12 and c?
12
Let w = -66 - -99. Let x(h) be the third derivative of -h**4/12 + h**3 - 5*h**2. Let y be x(-8). Calculate the greatest common factor of w and y.
11
Let q(m) = m**2 - 2*m + 1. Let p be q(-5). Let b be (15/(-12))/((-3)/p). Suppose 0*l + 330 = 2*l. What is the highest common divisor of l and b?
15
Let k(f) = -8*f - 3. Let r be (-7)/((-7)/2) - 4. Let h be k(r). Calculate the greatest common factor of 65 and h.
13
Let r = -5 - -8. Suppose 3*d + 0 = 3. What is the highest common divisor of d and r?
1
Let l = 12 + -2. Suppose 5*h = -b - 2*b + l, -h - 3*b = -2. What is the greatest common divisor of h and 12?
2
Let c = 21 - 6. Suppose 0 = -2*r - 0*r + 4. Suppose -2*b = r*b - 20. Calculate the highest common divisor of c and b.
5
Let y be 1*(-1 - 5*-5). Let p(o) = -22*o - 2. Let s be p(-2). Suppose 3*f - 4*z = -7*z + s, 2*z = 4. Calculate the highest common factor of f and y.
12
Let v = -14 + 23. What is the greatest common divisor of 81 and v?
9
Suppose 2*d - 3 - 1 = 0. Calculate the greatest common divisor of 1 and d.
1
Let p be (-1 - -3) + 153/3. Suppose -2*s + p = 7. Suppose -53 - 177 = -2*o. What is the highest common divisor of s and o?
23
Suppose -47 = 4*f - 71. What is the greatest common factor of 3 and f?
3
Let w(o) = o**3 + 6*o**2 + 10*o + 22. Let k be w(-4). Calculate the highest common factor of k and 112.
14
Suppose 0 = -2*b - 8, -i - b + 1 = -5. What is the highest common factor of 40 and i?
10
Let k be (-54)/(9/(-3))*(-44)/(-66). Let d = 143 + -71. What is the highest common divisor of d and k?
12
Suppose 33 = 3*z - 0*z. Suppose v = 27 - 4. Let d = -12 + v. Calculate the highest common divisor of d and z.
11
Let f = 90 + -45. Suppose 5*y = 2*h + 218, -y + 2*h = 3*h - f. Calculate the highest common factor of y and 11.
11
Let w(p) = -18*p**3 - 17*p**3 + 32*p**3 + 4 - 2*p**2. Let u be w(-2). Calculate the greatest common factor of 140 and u.
20
Suppose -5*s + 11 - 1 = 0. Let w be 21 - (-3 - 0 - -2). What is the greatest common divisor of s and w?
2
Suppose -2*q - 2*v = 3*v + 1, 0 = q + v - 1. Suppose q*p - p = 48. What is the greatest common factor of p and 12?
12
Let f(x) = -x**3 - 6*x**2 + 8*x - 8. Let q be f(-8). Calculate the greatest common factor of 7 and q.
7
Suppose 0*u = 5*u - 145. What is the greatest common factor of 29 and u?
29
Suppose 2*b - 3*b = 5*k - 45, -b + 4*k = -54. Calculate the highest common factor of b and 30.
10
Suppose 2*h = 365 + 9. Let v = 41 + -24. Calculate the highest common divisor of v and h.
17
Let k be -4*15/(-36)*3. Calculate the greatest common divisor of k and 45.
5
Let m be 4 + -11*(-5 + 4). Suppose 340 = 3*w - 0*w + 4*s, s + 605 = 5*w. What is the highest common divisor of w and m?
15
Let d = -8 - -1. Let g = -3 - d. Suppose -k + 116 = 3*k - c, -3*c - 108 = -g*k. Calculate the greatest common factor of 75 and k.
15
Let s = 16 - 12. Suppose -s*b - 424 = -5*z + 175, -3*b = 5*z - 592. Suppose -3*p + 31 = -2*w - 3*w, 38 = 2*p + w. What is the greatest common factor of p and z?
17
Suppose v + 3 = 8. Let a be -1 - ((-2)/1 + -2). Suppose 0 = -f - 4*f + o + 26, -a*o = 3. What is the highest common factor of v and f?
5
Let r(z) = z**3 + 19*z**2 - 2*z - 3. Let u be r(-19). Calculate the greatest common divisor of u and 35.
35
Let j(s) = -s**2 + 9*s - 10. Let l be j(6). Calculate the highest common divisor of 4 and l.
4
Let p = -501 + 334. Let j = 77 + p. Let l = 154 + j. What is the highest common divisor of l and 8?
8
Suppose 7*p = 3*p. Let r be p/(-1) + -3 + 39. Calculate the greatest common divisor of r and 18.
18
Let o be (-1491)/(-126) - 2/(-12). What is the greatest common divisor of o and 192?
12
Let q be 0 + 7*(3 + -2). Suppose 0 = q*i - 3*i - 220. What is the greatest common factor of 22 and i?
11
Suppose 0 = 3*k + 15, 4*k = -h + 4*h - 23. Let r be -3*h*(-6)/9. Let t be r/(-10) + (-106)/(-5). What is the highest common divisor of 7 and t?
7
Suppose 4*b = 2*r - r + 17, -5*r + 15 = 5*b. Calculate the greatest common factor of 10 and b.
2
Let o be -2 - (-5)/3 - (-416)/24. Calculate the highest common factor of 170 and o.
17
Let a(p) = -2*p**3 - 3*p**2 + 4*p + 3. Let q be a(-3). Let b be ((-2)/(-4))/((-5)/60). Let w be 1294/8 - b/24. Calculate the greatest common divisor of q and w.
18
Let t(g) = -g**3 - 8*g**2 - g - 5. L